ommon divisor of 195 and 59475.
195
What is the highest common factor of 10635 and 2836?
709
Calculate the highest common divisor of 114764 and 13.
13
Calculate the highest common factor of 260 and 2529852.
52
Calculate the highest common divisor of 185962 and 70.
14
Calculate the greatest common factor of 216 and 165780.
108
Calculate the greatest common factor of 5518 and 3224.
62
Calculate the highest common divisor of 72436 and 112.
28
Calculate the highest common divisor of 284 and 88.
4
What is the highest common divisor of 12285 and 2080?
65
Calculate the highest common divisor of 874780 and 80.
20
Calculate the highest common divisor of 9336 and 384.
24
What is the greatest common factor of 22 and 733106?
22
Calculate the highest common factor of 589904 and 184.
184
What is the greatest common factor of 19 and 333?
1
Calculate the highest common factor of 112612 and 470.
94
What is the highest common divisor of 1799663 and 2308?
577
What is the greatest common factor of 8652 and 6468?
84
Calculate the highest common divisor of 5 and 567955.
5
Calculate the highest common divisor of 349 and 84.
1
Calculate the greatest common factor of 258 and 74734.
86
Calculate the highest common factor of 10557 and 28458.
459
What is the highest common factor of 366 and 61116?
6
Calculate the greatest common factor of 99734 and 141.
47
Calculate the highest common factor of 63 and 3408363.
63
What is the highest common factor of 53603 and 605?
121
What is the greatest common divisor of 2773 and 1475?
59
Calculate the greatest common divisor of 9 and 2734.
1
Calculate the greatest common factor of 648 and 344.
8
What is the highest common divisor of 1084 and 1152?
4
What is the greatest common factor of 61108 and 64?
4
What is the highest common divisor of 651 and 3192?
21
Calculate the greatest common factor of 181451 and 862.
431
What is the greatest common divisor of 330 and 130362?
6
Calculate the highest common factor of 5220 and 40455.
1305
Calculate the greatest common divisor of 334 and 65798.
334
Calculate the greatest common factor of 162622 and 136.
34
Calculate the highest common factor of 612 and 4579596.
612
What is the greatest common divisor of 20548 and 88?
44
What is the greatest common factor of 210006 and 54?
54
Calculate the greatest common divisor of 1716 and 31889.
143
Calculate the greatest common factor of 623 and 60787.
89
What is the highest common factor of 335276 and 316?
316
Calculate the highest common divisor of 174 and 155121.
87
What is the highest common factor of 136 and 4988616?
136
Calculate the greatest common factor of 8448400 and 400.
400
Calculate the greatest common divisor of 67014 and 136.
34
What is the greatest common factor of 1386 and 14938?
154
What is the greatest common divisor of 11708 and 212?
4
What is the greatest common factor of 18 and 13121640?
18
Calculate the greatest common divisor of 1541337 and 304.
19
What is the highest common factor of 923 and 1053?
13
What is the highest common factor of 7 and 79359?
7
Calculate the greatest common factor of 109386 and 1648.
206
What is the greatest common divisor of 1406906 and 1397?
127
What is the highest common factor of 1706 and 121979?
853
What is the greatest common factor of 19809 and 24708?
213
What is the highest common divisor of 2679 and 92568?
57
Calculate the highest common factor of 39 and 2480881.
13
What is the greatest common factor of 84688 and 64?
16
Calculate the greatest common factor of 5168 and 3056.
16
What is the highest common divisor of 23892 and 968?
44
Calculate the greatest common divisor of 150 and 2169150.
150
Calculate the highest common factor of 18156 and 3417.
51
Calculate the greatest common factor of 644936 and 57.
19
Calculate the highest common factor of 1334 and 9048.
58
What is the greatest common factor of 18189 and 1161?
387
Calculate the highest common divisor of 59582 and 1674.
62
What is the highest common factor of 2283 and 160571?
761
What is the highest common divisor of 111 and 668627?
37
Calculate the highest common divisor of 1172 and 3894556.
1172
What is the greatest common divisor of 672 and 9681?
21
What is the highest common divisor of 54 and 39996?
18
Calculate the greatest common factor of 14030 and 19093.
61
Calculate the highest common factor of 46822 and 365440.
1142
Calculate the greatest common divisor of 684 and 101745.
171
Calculate the highest common factor of 84825 and 27521.
377
Calculate the highest common factor of 338 and 46.
2
Calculate the highest common factor of 504376 and 2.
2
Calculate the highest common divisor of 40 and 23960.
40
Calculate the highest common divisor of 7259 and 5978.
427
Calculate the highest common factor of 7568 and 7920.
176
What is the highest common divisor of 40727 and 5567?
293
What is the highest common factor of 5451 and 1173?
69
Calculate the highest common divisor of 896 and 777.
7
What is the greatest common divisor of 109080 and 28890?
270
What is the highest common divisor of 28950 and 450?
150
Calculate the greatest common divisor of 1536 and 237.
3
Calculate the highest common divisor of 733462 and 4.
2
What is the highest common factor of 3336 and 5838?
834
What is the highest common factor of 53404 and 18252?
676
Calculate the highest common factor of 111 and 291.
3
Calculate the highest common factor of 60 and 6174.
6
What is the highest common factor of 126 and 849?
3
What is the greatest common factor of 25265 and 465?
155
What is the greatest common divisor of 1188 and 2244?
132
What is the greatest common divisor of 37642 and 44?
22
Calculate the greatest common divisor of 322868 and 546.
182
What is the highest common divisor of 74 and 846819?
37
Calculate the highest common factor of 62 and 202058.
62
What is the greatest common factor of 69184 and 96?
32
What is the highest common factor of 6358 and 442?
34
Calculate the highest common factor of 2059 and 377.
29
Calculate the greatest common divisor of 115 and 82363.
23
Calculate the greatest common factor of 1158 and 1661730.
1158
Calculate the highest common divisor of 95048 and 56.
8
Calculate the highest common factor of 276 and 25484.
92
What is the highest common divisor of 232 and 5888?
8
Calculate the highest common divisor of 54449 and 1.
1
What is the highest common factor of 892080 and 21840?
1680
What is the highest common divisor of 9955 and 209?
11
Calculate the greatest common factor of 2125711 and 826.
413
Calculate the greatest common divisor of 122529 and 564.
141
Calculate the highest common divisor of 103520 and 160.
160
Calculate the highest common factor of 2159 and 12393.
17
What is the greatest common factor of 99 and 2049993?
99
What is the greatest common factor of 31709 and 1369?
37
Calculate the greatest common divisor of 60900 and 112.
28
Calculate the highest common divisor of 55 and 6640.
5
What is the highest common factor of 334805 and 290?
145
Calculate the greatest common divisor of 5544 and 1463.
77
Calculate the greatest common divisor of 623638 and 326.
326
What is the greatest common factor of 686 and 28?
14
What is the highest common divisor of 96 and 9032?
8
Calculate the greatest common divisor of 412 and 534364.
412
Calculate the highest common divisor of 7917430 and 2955.
985
Calculate the highest common factor of 63 and 18739.
7
What is the highest common divisor of 128 and 646816?
32
What is the greatest common factor of 500 and 6280250?
250
Calculate the highest common divisor of 604344 and 832.
104
What is the highest common factor of 253 and 34804?
11
What is the greatest common divisor of 530 and 529735?
265
What is the highest common divisor of 50410 and 40?
10
Calculate the greatest common divisor of 416 and 120822.
26
Calculate the greatest common factor of 2406 and 284.
2
Calculate the highest common factor of 4765 and 344033.
953
What is the greatest common divisor of 200746 and 52?
26
What is the highest common factor of 127578 and 594?
66
Calculate the highest common factor of 295 and 1265.
5
What is the greatest common divisor of 1 and 24851?
1
Calculate the highest common factor of 895648 and 78.
26
What is the highest common divisor of 2893 and 4444?
11
What is the greatest common divisor of 8096 and 851?
23
Calcul